est common factor of g and u.
2
Suppose m + 150 = 4*f + 47, f + 3*m = 3. Calculate the highest common factor of 1432 and f.
8
Let r = 574 - 185. Let f = 409 - r. Suppose -s = -4*s + 120. What is the greatest common factor of s and f?
20
Let k be 1/(-3) - (-13)/3. Suppose -s - 180 = -11*s. Suppose k*g = -5*c + s, 10*c + 4*g - 16 = 6*c. What is the greatest common factor of c and 2?
2
Suppose -45*v + 54*v = 2682. Suppose v - 1609 = -23*m. Calculate the greatest common divisor of 152 and m.
19
Let a = 181 + -177. Suppose -k = 2*h - 257, 448 + 51 = a*h - k. What is the highest common divisor of 14 and h?
14
Let q = 181 - 175. Suppose q*w = 2596 + 158. Calculate the greatest common factor of 27 and w.
27
Let u be 8/2 + 48/(-12) + (-896)/(-4). What is the highest common factor of 3752 and u?
56
Suppose 0 = -h + t + 683 + 154, -3*t + 12 = 0. Calculate the highest common divisor of h and 58.
29
Let q = -206 + 1166. What is the greatest common divisor of q and 1500?
60
Let k(q) = -10*q**2 - 30*q + 4. Let s be k(-3). Let a(y) = y + 2. Let b be a(-4). Let n be b/(-4)*(2 - -10)*2. What is the highest common divisor of s and n?
4
Suppose -14*j + 394 = -9*j + q, 2*j + 5*q - 199 = 0. Calculate the greatest common factor of j and 959.
7
Let x(z) = -275*z - 242. Let p be x(-1). Calculate the greatest common divisor of p and 20229.
33
Let x be (-41)/(3198/208)*(-2 - 286). What is the highest common divisor of 864 and x?
96
Suppose 107*p + 128 = 111*p. Suppose 38*k - 810 = p*k. What is the highest common factor of 54 and k?
27
Let a be (-8)/12 + (-80)/(-30). Suppose -3*b = 4*s - 652, -s - 3*b + 164 = -a*b. Calculate the highest common divisor of s and 20.
20
Suppose -j + 2*z - 67 = 7*z, 0 = 3*j + 2*z + 149. Let o = j - -50. What is the highest common divisor of 33 and o?
3
Let w be (-2)/(-18) + 13376/(-99). Let y be (-6)/2 - (w - -24). What is the highest common factor of y and 81?
27
Let r be (-59 + 58)/(1 - 2). Suppose -5*i + 4*i = 4*k - 123, -165 = -5*k + i. Calculate the highest common factor of r and k.
1
Let d be 1440*(12 + 702/(-65)). Calculate the highest common factor of d and 729.
27
Let m(q) = -2*q - 19. Let s be m(-10). Let l be -1*s*3*(-260)/60. Suppose -6*k + l*k - 308 = 0. Calculate the highest common divisor of k and 4.
4
Suppose 5*q - 2 = -4*s + 41, 3*q = -4*s + 29. Let v(u) = 2*u**2 - 17. Let l be v(q). Suppose -2*k + 3*k = 9. What is the greatest common factor of k and l?
9
Let i = -16668 - -16670. What is the highest common divisor of i and 1402?
2
Let a(z) = -z**3 + 23*z**2 - 2*z - 76. Let s be a(22). Calculate the highest common divisor of 884 and s.
52
Suppose -13*c - 12240 = -53*c. Suppose -8*m - 26*m = -c. What is the highest common factor of m and 18?
9
Let t(n) = -n**3 - 49*n**2 + 32*n - 228. Let m be t(-51). What is the highest common factor of m and 12?
6
Let d be 3/(((-2)/(-9))/2). Let x = 63045 - 61884. Calculate the greatest common factor of d and x.
27
Let p(z) = 3*z**2 + 10*z + 3. Let y(b) = -9*b - 204. Let o be y(-22). Let q be p(o). Calculate the greatest common divisor of q and 408.
51
Let p(w) = w**3 - 65*w**2 + 994*w - 285. Let f be p(41). Let i be 7 + (1 - 3/1). What is the greatest common divisor of f and i?
5
Let k(c) = -10*c - 140. Let g = 268 - 287. Let b be k(g). What is the highest common factor of b and 4?
2
Let p be (0 - 2/10*-27)/(4340/(-175) + 25). Let w(r) = 7*r**2 - 6*r - 1. Let z be w(-4). What is the highest common divisor of p and z?
27
Let j(p) = p**2 - 17*p + 7. Let g be j(18). Let a(n) = 426*n**2 - 2*n - 3. Let f be a(-1). Calculate the greatest common divisor of f and g.
25
Suppose 95*a - 5691 - 141 = 438. Calculate the greatest common factor of a and 630.
6
Let l = -2229 - -2397. Suppose 3*b - 2*i - 860 = 3*i, 0 = -b + 5*i + 290. Let g = b - l. What is the highest common factor of g and 13?
13
Let a = -15694 + 16264. Calculate the highest common factor of a and 969.
57
Let f = 97 - 16. Let v(j) = j**2 - 13*j - 36. Let t be v(-5). What is the highest common divisor of f and t?
27
Suppose -54 = -u - 34. Let z be 1626/27 - u/90. Calculate the highest common divisor of 12 and z.
12
Let p be 4/(48/(-4))*-18. Let m(l) = -2*l + 15. Let w be m(p). Let s be (66/55)/(w/340). What is the greatest common divisor of 17 and s?
17
Suppose 3*d - 5*j - 1391 = 282, -4*d = -4*j - 2236. Let h = -6010 + 6061. Calculate the greatest common divisor of h and d.
51
Suppose -5*p + 6907 = -3*n, 2*p - 1642 - 1117 = 5*n. Suppose -3*l = -3*w - 1062, -p = -3*l - 2*w - 340. What is the greatest common factor of l and 50?
50
Let k be (-9)/(-5)*(-9625)/(-105). Calculate the greatest common divisor of k and 5730.
15
Suppose -3*p = -0*p - 9. Suppose p - 19 = -o. Let a(u) = 2*u**3 - 40*u**2 - 380*u + 2. Let d be a(-7). What is the highest common factor of o and d?
16
Suppose 6*a - 24*a = -90. Suppose -2*j - j + 303 = -q, -a*j + 497 = q. What is the greatest common factor of j and 75?
25
Let m(x) = 143*x + 1218. Let w be m(2). Calculate the greatest common factor of 48 and w.
16
Let g = 255 + -237. Suppose b = 4*f - 5, 3*f - 3 = 2*b - g. Calculate the highest common factor of 40 and b.
5
Let g = -1310 + 1360. Calculate the highest common divisor of g and 1825.
25
Suppose -228*v = -121*v - 122*v + 19050. Calculate the highest common divisor of v and 10.
10
Let a = 47 + -46. Let h be a*5/3*(44 - -10). Suppose -3*u + h = -u. What is the highest common divisor of 18 and u?
9
Let y be (-2310)/(-121) - 276/253. Calculate the highest common factor of 1206 and y.
18
Let z(c) = 2*c**2 + 60*c + 26. Let r be z(-30). Suppose m = -2*u + 4*u - r, 48 = 3*u + 3*m. Calculate the highest common factor of 70 and u.
14
Let w be (-1)/3 + (-28)/6 + 1. Let r be (1 + 14/(-5))/(w/120). What is the greatest common divisor of 162 and r?
54
Suppose -10203 - 33672 = -13*f. Calculate the greatest common factor of f and 270.
135
Let d(r) = r**3 + 17*r**2 + 21*r + 84. Let v be d(-16). Suppose -v*u = 3*j - j - 334, 3*u = j - 172. What is the highest common factor of 13 and j?
13
Let x = -10 + 186. Let t = -141 + 273. Calculate the highest common factor of t and x.
44
Suppose 1701 = 15*i - 1179. Calculate the greatest common factor of 312 and i.
24
Suppose 34*v - 33*v - 84 = 0. Let j be ((-720)/v)/(2/(-21)). Let o = 11 + -1. What is the greatest common factor of j and o?
10
Let c = -75 - -68. Let n = c + 24. Let g = -83 - -100. Calculate the highest common divisor of g and n.
17
Suppose 4*x - 7*h = -6*h - 50, -38 = 3*x - h. Let z(t) = -2*t - 12. Let o be z(x). What is the highest common factor of 36 and o?
12
Suppose -32*k = 393 - 105. Let y be (-1140)/k - (-10)/(-15). What is the highest common divisor of 36 and y?
18
Let z be -2*1*(-3 - -2). Suppose -30 = 4*u - 42. Suppose z = 2*b, u*t = 2*b + 55 + 33. What is the greatest common divisor of 240 and t?
30
Let k be 8/48*-3*-2. Let s(y) = 163*y - 8. Let g be s(k). Calculate the greatest common factor of 62 and g.
31
Let g = 110 + -110. Let j be 16/(-4) + (-1 - g). Let b = 83 - j. What is the highest common divisor of 66 and b?
22
Let d = 105 - 102. Suppose -v - 4*i = 3, -4*v + 6 = -d*i - 1. Suppose 6*f + v = 139. Calculate the greatest common divisor of 46 and f.
23
Let p(w) = w - 1. Let q = 13 + -6. Let a be p(q). Let z be -27*(-6)/(-9)*6*(-2)/4. What is the highest common factor of a and z?
6
Suppose -1132 = -29*h + 1217. What is the highest common divisor of h and 2349?
81
Let n(y) = -y + 6. Suppose -18*c + 15 = -15*c. Let b be n(c). Let u(h) = 33*h**3 - 2*h + 1. Let j be u(b). What is the greatest common divisor of j and 288?
32
Suppose 0 = -f + w + 8, -2*w + 374 = -4*f + 398. Calculate the greatest common factor of f and 10880.
4
Suppose -5*l - 17 = 2*d - 5, 2*d + 30 = 4*l. Let c = d - -74. Calculate the greatest common divisor of 84 and c.
21
Let n be -3*140/60*(-1026)/21. Calculate the highest common factor of n and 855.
171
Let j(i) = 149*i - 79. Let u be j(-4). Let q = u + 1535. What is the greatest common divisor of 20 and q?
20
Let b be 2*(0 + 108/4 + -1). Let z = b - 64. Let v = z - -16. What is the greatest common factor of v and 36?
4
Let o(w) = 8*w**2 + 103*w - 12. Suppose 3*d = 3, 3*d - 17 = c + 1. Let k be o(c). Calculate the greatest common divisor of 27 and k.
27
Let w be 4 - 5 - (-6)/9 - 416/(-96). C